e (0 + 3/2)/(3/4). Suppose -g - 5 = 0, -y + i*y - 61 = 3*g. Calculate the remainder when 90 is divided by y.
44
Let l be ((-140)/(-63))/((-8)/(-180)). Let c = l - 6. What is the remainder when 68 is divided by c?
24
Let q = 0 + -17. Let p = -12 - q. Let i = 1375 + -1348. Calculate the remainder when i is divided by p.
2
Let n(i) = -i**2 + 15*i + 56. Let r be n(-8). Let b = r - -141. What is the remainder when b is divided by 7?
6
Let j(m) = 634*m + 8913. Calculate the remainder when 1512 is divided by j(-14).
32
Suppose 1449 = 322*l - 299*l. What is the remainder when 689 is divided by l?
59
Let l = -422 - -550. Let u = 141 - l. Calculate the remainder when 16 is divided by u.
3
Suppose 4*z = -0*z - 4*l + 368, -2*l + 283 = 3*z. What is the remainder when 463 is divided by z?
67
Let w(g) = g**3 - 17*g**2 + 26*g - 32. Let h be w(17). Let d = -404 + h. Calculate the remainder when 71 is divided by d.
5
Let c = -11 + 21. Calculate the remainder when (-130)/15 - (-64032)/522 is divided by c.
4
Calculate the remainder when ((-1116)/(-81) - 14) + (-4 - 8560/(-45)) is divided by 26.
4
Let u be ((-1)/4)/(2/(-56)). Suppose u = -3*g - o + 2, -2*o = -g - 4. What is the remainder when 1785/15 + g*1 is divided by 40?
37
What is the remainder when 4552 is divided by 2/10 + (195/25 - 3)?
2
Let g(i) = 36*i - 11 - 2 + 5*i**2 - i**3 - 41*i + 2*i**2. Calculate the remainder when g(5) is divided by (-24)/(-9)*(-9)/(-6).
0
Suppose 0 = 2*t + a - 162 - 210, 2*a = 5*t - 903. What is the remainder when t is divided by 31?
28
Let h(k) = k**2 + 2*k - 4. Let l be h(-4). Suppose -80 = -l*s - s. Calculate the remainder when s/72 + (-259)/(-9) is divided by 9.
2
Suppose -553*l - 41 = -554*l. Calculate the remainder when 5001 is divided by l.
40
Suppose 5*n = -c - 0*n + 2866, 3*c = 3*n + 8454. Calculate the remainder when c is divided by 11.
10
Let w = -20 + 26. Let v be 280/(-36) + w/(-27). What is the remainder when 100 is divided by (4/v)/(4/(-272))?
32
Let v(c) = 20*c**2 + 93*c - 760. Calculate the remainder when v(7) is divided by 17.
4
What is the remainder when 420 is divided by 393 + ((-28)/(-16) - 5/(-4))?
24
Suppose -73*z - 82*z - 25*z = -29700. Calculate the remainder when z is divided by 36.
21
Let w = 86 - 109. Let j = w + 61. Calculate the remainder when j is divided by 15.
8
Let j(n) = -n**3 - n**2 + 18*n + 24. Let u(s) = -5*s**2 + 5*s + 4. Let c be u(-1). What is the remainder when j(c) is divided by (5 + -2 - (-1 - -9))*-10?
46
Let l(k) = 134*k - 3015. Calculate the remainder when l(34) is divided by 15.
11
Let h = -38 + 55. Let a = -100367 - -100412. What is the remainder when a is divided by h?
11
Suppose -x + 2*r = -7, 12*x = 16*x - 3*r - 38. What is the remainder when 167 is divided by x?
2
Let w be (-63)/1 + (1 - -1). Let a = -35 - w. Suppose -6 + a = 4*s, -s = -5*m + 70. Calculate the remainder when 44 is divided by m.
14
Suppose 96 = 2*u - 70. Suppose u - 13 = 5*q. Calculate the remainder when q is divided by 3.
2
Let w be 80/12 + -6 + (-8)/(-6). Suppose -w*o + 115 = 5*f, -2*f - 5*o - 12 = -37. What is the remainder when f is divided by 14?
11
Suppose 8*u - 36 - 4 = 0. Suppose u*x - 3 = 2. What is the remainder when (-1528)/(-12) - x/3 is divided by 32?
31
Suppose -7*h + 174 = -5*q, 4*h + 5*q - 92 = 6*q. Calculate the remainder when 1446 is divided by h.
16
Let f(d) = 23*d**3 + d**2 - 4*d + 2. Let b = -237 - -238. What is the remainder when 128 is divided by f(b)?
18
Let u = -7636 + 7707. Calculate the remainder when 848 is divided by u.
67
Let y = 45 + -19. Let k = 42 - 75. Let a = k - -48. What is the remainder when y is divided by a?
11
Suppose -4*d + 5*d - 59 = 0. Suppose 2*v - d = w - 2*w, -v = 5*w - 259. Suppose 0*u = -2*u + 38. Calculate the remainder when w is divided by u.
13
Suppose -2*v + 22 = -2*j, 3*j + 12*v + 1 = 7*v. What is the remainder when (1/(-2))/((-2)/140) is divided by (-70)/j + 5 + -7?
3
Suppose -827 = -5*z + 19*f - 20*f, 178 = z - 4*f. What is the remainder when 231 is divided by z?
65
Suppose 0 = 15*k - 351 - 44 + 65. Suppose 0 = 2*z + 2 + 10. Let g(b) = -b**3 - 5*b**2 - b - 2. What is the remainder when g(z) is divided by k?
18
Let s(u) = 93*u - 831. Calculate the remainder when 474 is divided by s(10).
78
What is the remainder when 98492/14 - (333/(-21) - -16) is divided by 128?
123
Suppose 0 = 2*i - 7657 + 7637. What is the remainder when 200 is divided by i?
0
Let g(k) = k**3 - 50*k**2 - 46*k + 451. What is the remainder when g(51) is divided by 139?
11
Let r(f) = 2*f**2 + 22*f - 26. Let p be r(-13). Calculate the remainder when 17 is divided by 4/p - (6 - 618/39).
7
Suppose 5*f - 3*f - 4*j - 122 = 0, 3*f + 3*j = 147. Let t(w) = -10*w + 14. Let r be t(-5). Suppose 8 = -4*b + r. Calculate the remainder when f is divided by b.
11
Suppose -x = 3*i - 163, 6*i = -2*x + 7*i + 326. Suppose 12*v + 7 = x. Calculate the remainder when 23 is divided by v.
10
Let a = 375 - 318. Suppose k + 4*u + 0*u = 19, -u = -3*k + a. What is the remainder when 359 is divided by k?
17
Let p(n) = n - 2. Let o be p(5). Suppose -441 = -5*i - o*g + 2*g, 4*g = 3*i - 283. Calculate the remainder when 976 is divided by i.
86
Let a = 253 + -277. Let d = 67 + -6. Let x = d + a. Calculate the remainder when x is divided by 13.
11
Suppose -283*o = -634 - 3433 + 671. Calculate the remainder when 634 is divided by o.
10
Let d(t) = -t**3 + 25*t**2 + 62*t - 74. Suppose 11*g + 200 = 497. Calculate the remainder when d(g) is divided by 16.
14
Let s(g) = g**3 - 5*g**2 - 2*g - 5. Suppose 5*q = 6*q - 756. Suppose -5*t = -q + 611. What is the remainder when s(8) is divided by t?
26
Suppose 0 = -7280*p + 7279*p + 31. Suppose -2*n = -4*n + 120. Calculate the remainder when n is divided by p.
29
Let n(o) = 3*o**2 - 3*o + 40. Let a(m) = 5*m**2 - 5*m + 80. Let b(x) = 4*a(x) - 7*n(x). Let d = 65 - 50. What is the remainder when b(0) is divided by d?
10
Let q = -17 - -19. Suppose q*g + 27 = 5*g. Let y = -14 - -38. What is the remainder when y is divided by g?
6
Let p = 356 + -372. What is the remainder when 90 is divided by (12 + p)*(2 - 55/4)?
43
Let v(i) = -8*i - 39. Calculate the remainder when (6795/604)/((-1)/(-4)) is divided by v(-8).
20
Suppose 5*n + 7 = 312. What is the remainder when 32490/247 - 42/78 is divided by n?
9
Let d = 404 + -48. Let f = -231 + d. What is the remainder when f is divided by 33?
26
Suppose 941 = 4*c - 5*s, -2*c + 4*s + 1344 = 884. Calculate the remainder when 639 is divided by c.
151
Let g be (3/5)/(2/10). Suppose 4*c = v - 10, -12 = 3*c - 6*v + g*v. What is the remainder when -1*(-2 - (3 - 292/c)) is divided by 38?
37
Suppose -5*y + 2*y = -33. Let s = y + -7. Let g = 2227 + -2216. Calculate the remainder when g is divided by s.
3
Let a(c) = 47*c + 916. Calculate the remainder when 431 is divided by a(-19).
17
Let g(p) = -p - 8. Let i be g(-12). Suppose -i*v + 114 = 5*b + 19, 2*v + 57 = 3*b. Calculate the remainder when ((-2)/5*-1)/(6/1110) is divided by b.
17
Let y(b) = b + 357. Let s be y(0). Suppose -4*t = -131 - s. Suppose 13*p = 18*p - 125. Calculate the remainder when t is divided by p.
22
Suppose -4*l = 3*o - 425, -l - 3*l = 2*o - 282. Suppose 13*a = 8*a + 5*f + 205, 0 = 3*a + 2*f - o. What is the remainder when a is divided by 31?
14
Suppose -v - 479 + 468 = 0. Let o(b) = -b**2 + b + 20. Let j be o(0). Let p = v + j. Calculate the remainder when p is divided by 6.
3
What is the remainder when 1423 is divided by (-1219)/265*(-1 + -9)?
43
Let u = 1605 + -1415. Let f(q) = 7*q**3 - q**2 - 2*q. What is the remainder when u is divided by f(2)?
46
Suppose -4 = q - 3*q. Suppose -q - 8 = -2*c. Suppose -2*u + 3*u - 87 = -c*z, 3*z + 2*u - 48 = 0. Calculate the remainder when 51 is divided by z.
15
Suppose -2*h - 4 = 0, 0 = -5*a + 3*h + 1921 - 670. Let m = 402 - a. What is the remainder when m is divided by 23?
15
Let l(w) = -69*w**2 - w + 1. Let h be l(1). Let r(j) = -34*j - 98. Let p be r(-1). Let z = p - h. Calculate the remainder when z is divided by 4.
1
Let x be 14/77 + (-1223)/11. Let o = -167 - -293. Let c = x + o. What is the remainder when 50 is divided by c?
5
Let s(i) = -i**3 + 7*i**2 - 8*i + 8. Let b be s(6). Let w = 9 - 1. Calculate the remainder when (-1)/(-2)*46 - b is divided by w.
3
Let a = 32 - 33. Let l be a - (-2 + 3/(-3))